s 15 divide 16285035?
True
Is 209 a factor of 2265548?
False
Does 6 divide 8354043?
False
Does 161 divide 224964?
False
Is 1269 a factor of 1804518?
True
Does 56 divide 447914?
False
Does 80 divide 46564?
False
Does 123 divide 1711299?
True
Is 877 a factor of 2437183?
True
Is 21073079 a multiple of 1877?
True
Is 613066 a multiple of 27?
False
Does 17 divide 149663?
False
Does 218 divide 2812854?
True
Does 47 divide 3553623?
True
Does 54 divide 157734?
True
Is 11 a factor of 1105995?
True
Is 519560 a multiple of 419?
True
Is 163086 a multiple of 33?
True
Does 90 divide 1459980?
True
Is 25466 a multiple of 7?
True
Is 478023 a multiple of 91?
True
Does 90 divide 71640?
True
Does 317 divide 375801?
False
Does 31 divide 49379?
False
Is 59496 a multiple of 4?
True
Is 23 a factor of 596268?
False
Is 66948 a multiple of 84?
True
Is 81675 a multiple of 9?
True
Does 3 divide 177048?
True
Is 39 a factor of 105528?
False
Is 155022 a multiple of 206?
False
Is 214874 a multiple of 3?
False
Is 7 a factor of 2428286?
True
Does 13 divide 345124?
True
Is 3869560 a multiple of 23?
False
Does 17 divide 154797?
False
Is 796038 a multiple of 25?
False
Is 5558097 a multiple of 236?
False
Is 570648 a multiple of 354?
True
Does 16 divide 12021?
False
Is 534 a factor of 6412086?
False
Is 458420 a multiple of 5?
True
Is 164177 a multiple of 207?
False
Is 129 a factor of 3598752?
False
Is 13255600 a multiple of 31?
True
Is 112461 a multiple of 10?
False
Is 15 a factor of 2088120?
True
Does 140 divide 29540?
True
Is 14525 a multiple of 7?
True
Is 772231 a multiple of 246?
False
Does 688 divide 166496?
True
Is 53 a factor of 1465389?
False
Is 888705 a multiple of 54?
False
Does 14 divide 160868?
False
Is 16188022 a multiple of 55?
False
Is 189171 a multiple of 10?
False
Is 44 a factor of 579354?
False
Is 496 a factor of 258649?
False
Is 13 a factor of 299468?
True
Does 40 divide 801920?
True
Is 6561856 a multiple of 20?
False
Does 7 divide 128128?
True
Is 15136038 a multiple of 9?
True
Does 95 divide 836000?
True
Is 112 a factor of 1002064?
True
Does 143 divide 32638034?
True
Does 24 divide 4814016?
True
Does 101 divide 753490?
False
Is 63889 even?
False
Does 19 divide 7021013?
True
Does 255 divide 198135?
True
Is 28 a factor of 313918?
False
Does 402 divide 683591?
False
Is 169625 a multiple of 23?
True
Does 21 divide 2182227?
False
Is 16 a factor of 371909?
False
Is 18 a factor of 396?
True
Is 3725010 a multiple of 251?
False
Is 10739064 a multiple of 296?
False
Is 904387 a multiple of 16?
False
Is 1447506 a multiple of 18?
True
Is 211381 a multiple of 17?
False
Does 249 divide 1307250?
True
Does 139 divide 2410701?
False
Does 12 divide 7663116?
True
Is 485 a factor of 2213055?
True
Is 32 a factor of 157463?
False
Is 684 a factor of 460097?
False
Is 434377 even?
False
Is 737352 a multiple of 55?
False
Is 1638325 a multiple of 13?
True
Is 213 a factor of 306781?
False
Is 196010 a multiple of 392?
False
Does 98 divide 858813?
False
Is 129904 a multiple of 41?
False
Is 25035729 a multiple of 841?
True
Is 60135 a multiple of 19?
True
Is 810 a factor of 5205060?
True
Is 857 a factor of 8222915?
True
Is 46 a factor of 222877?
False
Is 3233670 a multiple of 110?
True
Is 3617659 a multiple of 5?
False
Does 153 divide 507960?
True
Does 3 divide 127995?
True
Does 58 divide 33584?
False
Does 6 divide 17484?
True
Does 71 divide 899499?
True
Is 6278849 a multiple of 43?
False
Is 15 a factor of 266010?
True
Does 9 divide 3875148?
True
Is 118778 a multiple of 23?
False
Is 64615 a multiple of 135?
False
Is 2232170 a multiple of 55?
False
Is 5777365 a multiple of 85?
True
Is 268 a factor of 906376?
True
Is 80413 a multiple of 32?
False
Does 219 divide 4291301?
False
Is 436 a factor of 540014?
False
Is 8 a factor of 427497?
False
Is 120193 a multiple of 23?
False
Is 163066 a multiple of 351?
False
Is 186437 a multiple of 57?
False
Does 6 divide 1233042?
True
Is 911506 a multiple of 17?
True
Does 375 divide 94125?
True
Is 14 a factor of 10471557?
False
Does 132 divide 2405568?
True
Is 9438055 a multiple of 785?
True
Is 1008700 a multiple of 154?
True
Does 9 divide 524706?
False
Does 235 divide 1172?
False
Is 238768 a multiple of 28?
False
Is 33600 a multiple of 35?
True
Does 528 divide 19251936?
True
Is 390 a factor of 10614630?
True
Is 668187 a multiple of 39?
True
Is 845571 a multiple of 80?
False
Does 414 divide 9296784?
True
Is 2389239 a multiple of 1226?
False
Is 2 a factor of 31050?
True
Is 82 a factor of 355168?
False
Is 4548960 a multiple of 36?
True
Is 3128162 a multiple of 1386?
False
Does 1690 divide 3677440?
True
Is 319466 a multiple of 7?
True
Is 697883 a multiple of 17?
False
Is 308733 a multiple of 27?
False
Is 28 a factor of 20832?
True
Does 11 divide 455454?
False
Does 44 divide 1169099?
False
Does 257 divide 2164968?
True
Is 3949722 a multiple of 1134?
True
Is 62 a factor of 8337884?
True
Is 297 a factor of 101871?
True
Does 150 divide 457050?
True
Does 12 divide 736968?
True
Is 29 a factor of 227679?
True
Does 105 divide 267585?
False
Is 254324 a multiple of 293?
True
Is 9 a factor of 70479?
True
Is 5291536 a multiple of 68?
False
Does 3 divide 54956?
False
Is 210593 a multiple of 11?
False
Is 31 a factor of 2227132?
False
Is 2356966 a multiple of 26?
False
Is 3 a factor of 22516?
False
Does 25 divide 44725?
True
Does 151 divide 6059598?
False
Is 297402 a multiple of 14?
True
Is 4 a factor of 135376?
True
Is 126 a factor of 590930?
False
Is 60271 a multiple of 16?
False
Is 37694 a multiple of 176?
False
Is 823 a factor of 3928188?
False
Is 8 a factor of 41576?
True
Is 1645153 a multiple of 691?
False
Is 74360 a multiple of 10?
True
Does 27 divide 571872?
False
Is 21409 even?
False
Is 93 a factor of 23343?
True
Is 902163 a multiple of 442?
False
Is 128620 a multiple of 218?
True
Does 8 divide 47007?
False
Is 16 a factor of 6150480?
True
Is 1485107 a multiple of 12?
False
Is 7033 a multiple of 541?
True
Is 5481767 a multiple of 9?
False
Is 163352 a multiple of 7?
True
Is 1039 a factor of 1842383?
False
Is 21 a factor of 238703?
False
Is 25 a factor of 22183?
False
Is 416 a factor of 326225?
False
Does 19 divide 531261?
False
Is 506036 a multiple of 27?
False
Is 41635 a multiple of 11?
True
Is 85085 a multiple of 65?
True
Is 17 a factor of 508742?
True
Is 336348 a multiple of 34?
False
Is 824233 a multiple of 171?
False
Does 15 divide 177705?
True
Is 15 a factor of 2478332?
False
Is 175344 a multiple of 63?
False
Is 3843181 a multiple of 357?
False
Does 136 divide 243576?
True
Does 21 divide 5028064?
False
Is 23 a factor of 20685483?
False
Is 806 a factor of 750386?
True
Is 265710 a multiple of 51?
True
Is 8239255 a multiple of 14?
False
Is 5507312 a multiple of 8?
True
Does 22 divide 6026856?
True
Is 105123 a multiple of 24?
False
Does 13 divide 161629?
True
Is 20 a factor of 10040?
True
Is 11 a factor of 105721?
True
Is 13041469 a multiple of 34?
False
Is 11 a factor of 202304?
False
Is 297236 a multiple of 33?
False
Is 99 a factor of 1524105?
True
Is 17 a factor of 1565?
False
Is 49 a factor of 438403?
True
Is 205 a factor of 139195?
True
Is 3092729 a multiple of 7?
False
Is 40483 a multiple of 16?
False
Is 25 a factor of 191684?
False
Is 15 a factor of 16635?
True
Is 114390 a multiple of 9?
True
Does 34 divide 252042?
True
Does 52 divide 2005692?
True
Is 10 a factor of 9000?
True
Is 3732255 a multiple of 51?
False
Is 155 a factor of 26508?
False
Is 3908532 a multiple of 444?
True
Is 3721669 a multiple of 279?
False
Is 23 a factor of 148879?
True
Is 48 a factor of 209881?
False
Does 6 divide 8439156?
True
Does 12 divide 3033280?
False
Does 73 divide 8094?
False
Is 7 a factor of 964194?
True
Does 315 divide 614017?
False
Is 1431383 a multiple of 56?
False
Does 55 divide 373615?
True
Is 26255 a multiple of 13?
False
Is 224239 a multiple of 175?
False
Is 13 a factor of 8312719?
False
Does 15 divide 2177637?
False
Does 19 divide 172287?
False
Is 260231 a multiple of 48?
False
Is 76 a factor of 230508?
True
Is 164016 a multiple of 72?
True
Is 178389 a multiple of 22?
False
Is 333617 a multiple of 13?
False
Does 1821 divide 4521577?
False
Is 33544 a multiple of 78?
False
Is 315861 a multiple of 14?
False
Is 153 a factor of 250461?
True
Does 45 divide 3582855?
True
Is 43 a